 (base 3) to base 5
-1202
7 (base 8) to base 7
10
What is -15 (base 7) in base 12?
-10
What is -1011001 (base 2) in base 16?
-59
What is 4 (base 8) in base 12?
4
-32 (base 13) to base 4
-221
7 (base 10) to base 6
11
What is -13 (base 14) in base 16?
-11
1222 (base 4) to base 5
411
-f (base 16) to base 5
-30
What is 167 (base 14) in base 4?
10133
-131 (base 4) to base 7
-41
What is a1 (base 11) in base 4?
1233
Convert 1101 (base 2) to base 13.
10
-1b9 (base 13) to base 11
-272
What is -4 (base 14) in base 7?
-4
Convert 2 (base 7) to base 13.
2
What is -34 (base 11) in base 16?
-25
Convert -21 (base 5) to base 7.
-14
-7 (base 16) to base 6
-11
Convert 8 (base 10) to base 13.
8
Convert -63 (base 12) to base 13.
-5a
What is 10 (base 4) in base 10?
4
Convert -505 (base 6) to base 12.
-135
Convert 10100111 (base 2) to base 12.
11b
What is 288 (base 10) in base 7?
561
Convert 10 (base 14) to base 13.
11
What is -1201 (base 4) in base 16?
-61
What is 97 (base 15) in base 8?
216
What is -11 (base 4) in base 12?
-5
What is 7 (base 11) in base 13?
7
37 (base 11) to base 7
55
Convert -2 (base 11) to base 7.
-2
What is 0 (base 11) in base 6?
0
What is 230 (base 4) in base 5?
134
-3 (base 15) to base 3
-10
77 (base 16) to base 2
1110111
4 (base 5) to base 9
4
Convert 41 (base 7) to base 13.
23
Convert 151 (base 6) to base 8.
103
-10011 (base 2) to base 13
-16
Convert -10 (base 2) to base 11.
-2
80 (base 12) to base 8
140
What is 1 (base 14) in base 12?
1
Convert -2 (base 15) to base 13.
-2
What is 157 (base 13) in base 12?
181
13 (base 8) to base 13
b
-1 (base 6) to base 7
-1
Convert 32 (base 15) to base 13.
38
10 (base 4) to base 11
4
Convert 32 (base 13) to base 3.
1112
Convert 45 (base 7) to base 6.
53
What is 101011 (base 2) in base 3?
1121
What is 121 (base 4) in base 15?
1a
-126 (base 7) to base 9
-76
What is 15 (base 11) in base 5?
31
What is -10001110 (base 2) in base 12?
-ba
Convert -11 (base 6) to base 7.
-10
5 (base 8) to base 13
5
Convert 3 (base 16) to base 3.
10
Convert 16 (base 13) to base 8.
23
What is 64 (base 10) in base 2?
1000000
What is 75 (base 12) in base 7?
155
Convert -1 (base 13) to base 16.
-1
-210 (base 8) to base 10
-136
1 (base 12) to base 3
1
3 (base 11) to base 6
3
What is 122 (base 6) in base 2?
110010
Convert 3 (base 4) to base 5.
3
-3 (base 11) to base 10
-3
What is -7 (base 11) in base 2?
-111
0 (base 6) to base 16
0
What is 6 (base 15) in base 13?
6
20 (base 5) to base 14
a
-14 (base 14) to base 15
-13
What is 4 (base 15) in base 7?
4
Convert -4 (base 12) to base 15.
-4
-22 (base 4) to base 7
-13
Convert -3 (base 6) to base 10.
-3
-10 (base 2) to base 15
-2
What is 100101001 (base 2) in base 14?
173
What is -9a (base 14) in base 9?
-161
4b (base 13) to base 15
43
-1 (base 13) to base 14
-1
What is -12 (base 3) in base 11?
-5
107 (base 14) to base 11
175
What is 33 (base 5) in base 14?
14
Convert 0 (base 10) to base 15.
0
4 (base 15) to base 4
10
17 (base 11) to base 12
16
Convert 0 (base 14) to base 8.
0
What is -2 (base 8) in base 16?
-2
-10010 (base 2) to base 5
-33
What is -1111 (base 2) in base 8?
-17
4 (base 7) to base 9
4
-123 (base 7) to base 9
-73
Convert c (base 15) to base 9.
13
4 (base 15) to base 8
4
What is -100 (base 2) in base 14?
-4
Convert b (base 14) to base 9.
12
Convert 12 (base 10) to base 12.
10
What is 10 (base 9) in base 3?
100
Convert -2 (base 15) to base 12.
-2
Convert -1111 (base 5) to base 14.
-b2
What is -1 (base 12) in base 9?
-1
What is -4 (base 13) in base 4?
-10
Convert 19 (base 13) to base 4.
112
Convert 4 (base 12) to base 4.
10
Convert 10 (base 2) to base 12.
2
Convert -10 (base 3) to base 13.
-3
What is 164 (base 8) in base 4?
1310
10 (base 2) to base 12
2
-5 (base 7) to base 4
-11
What is 19 (base 14) in base 11?
21
What is 1 (base 8) in base 13?
1
Convert -41 (base 10) to base 9.
-45
Convert 1311 (base 4) to base 8.
165
Convert 2 (base 13) to base 4.
2
13 (base 4) to base 8
7
-17 (base 12) to base 5
-34
What is 37 (base 13) in base 6?
114
Convert -35 (base 9) to base 15.
-22
What is -3 (base 9) in base 10?
-3
Convert 5 (base 13) to base 15.
5
7 (base 15) to base 9
7
Convert 32 (base 16) to base 8.
62
-161 (base 10) to base 13
-c5
What is 65 (base 7) in base 14?
35
-10110 (base 3) to base 6
-233
-12 (base 16) to base 10
-18
What is 0 (base 11) in base 12?
0
Convert 2 (base 10) to base 15.
2
Convert -5 (base 13) to base 10.
-5
46 (base 14) to base 10
62
What is 3 (base 14) in base 11?
3
What is -11 (base 7) in base 5?
-13
Convert 1 (base 13) to base 10.
1
2 (base 16) to base 4
2
Convert -4 (base 15) to base 4.
-10
Convert 12 (base 15) to base 10.
17
Convert 32 (base 7) to base 12.
1b
Convert 10 (base 3) to base 10.
3
What is -12 (base 11) in base 12?
-11
-20 (base 5) to base 11
-a
Convert 1 (base 12) to base 16.
1
Convert 331 (base 4) to base 10.
61
What is 3 (base 6) in base 16?
3
What is 8 (base 16) in base 2?
1000
Convert -1222 (base 3) to base 12.
-45
What is 8 (base 10) in base 2?
1000
-7 (base 16) to base 2
-111
What is 20 (base 13) in base 10?
26
What is -2 (base 14) in base 4?
-2
What is 4 (base 6) in base 14?
4
1210 (base 3) to base 8
60
Convert 23 (base 9) to base 12.
19
2 (base 9) to base 6
2
-11101100 (base 2) to base 5
-1421
24 (base 14) to base 6
52
What is 45 (base 7) in base 14?
25
What is -2 (base 4) in base 11?
-2
-3 (base 6) to base 11
-3
Convert 103 (base 4) to base 15.
14
Convert -4 (base 15) to base 5.
-4
What is 9 (base 11) in base 13?
9
What is d (base 16) in base 4?
31
What is -10110 (base 3) in base 6?
-233
Convert -3 (base 6) to base 15.
-3
What is 100110011 (base 2) in base 8?
463
What is 110 (base 3) in base 7?
15
What is 34 (base 6) in base 14?
18
What is 0 (base 8) in base 7?
0
3 (base 5) to base 2
11
What is -89 (base 15) in base 4?
-2001
14 (base 9) to base 2
1101
266 (base 7) to base 13
b3
-101011 (base 2) to base 5
-133
What is 9 (base 12) in base 15?
9
What is -a (base 16) in base 15?
-a
What is 11 (base 5) in base 14?
6
21 (base 3) to base 4
13
What is 0 (base 6) in base 16?
0
Convert 6 (base 13) to base 4.
12
-30 (base 4) to base 9
-13
What is -67 (base 9) in base 8?
-75
-19 (base 15) to base 7
-33
112 (base 15) to base 7
464
Convert c (base 14) to base 12.
10
Convert f4 (base 16) to base 14.
136
Convert 53 (base 12) to base 5.
223
1000000 (base 2) to base 12
54
Convert 212 (base 3) to base 10.
23
What is -11 (base 3) in base 4?
-10
-1011001 (base 2) to base 6
-225
What is -1112 (base 4) in base 12?
-72
21122 (base 3) to base 4
3032
64 (base 16) to base 15
6a
Convert -101111 (base 2) to base 13.
-38
What is 175 (base 9) in base 16?
95
5 (base 13) to base 11
5
Convert 4 (base 14) to base 3.
11
-1d (base 15) to base 10
-28
What is 61 (base 10) in base 11?
56
What is -6 (base 15) in base 5?
-11
Convert 18 (base 12) to base 6.
32
-11 (base 2) to base 15
-3
Convert 51 (base 10) to base 12.
43
What is -d (base 15) in base 12?
-11
61 (base 12) to base 7
133
11 (base 14) to base 3
120
-83 (base 10) to base 7
-146
Convert 83 (base 10) to base 8.
123
136 (base 10) to base 6
344
Convert 10 (base 3) to base 13.
3
What is -220 (base 9) in base 2?
-10110100
Convert -4 (base 15) to base 13.
-4
What is 137 (base 11) in base 6?
425
0 (base 8) to base 13
0
20 (base 16) to base 4
200
Convert -23 (base 5) to base 14.
-d
Convert 3 (base 14) to base 6.
3
a (base 11) to base 9
11
Convert 11 (base 9) to base 7.
13
Convert 74 (base 8) to base 13.
48
What is 16 (base 15) in base 9?
23
Convert -a (base 11) to base 6.
-14
253 (base 7) to base 3
12001
What is -15 (base 8) in base 3?
-111
-193 (base 10) to base 15
-cd
What is 260 (base 7) in base 3?
12012
-1 (base 7) to base 5
-1
What is -513 (base 7) in base 11?
-212
Convert 31 (base 14) to base 2.
101011
What is -202 (base 6) in base 11?
-68
3 (base 4) to base 10
3
Convert 113 (base 7) to base 2.
111011
Convert -17 (base 13) to base 7.
-26
What is -20 (base 14) in base 6?
-44
Convert 20 (base 7) to base 8.
16
What is -11 (base 2) in base 12?
-3
What is 9 (base 13) in base 11?
9
What is -15 (base 12) in base 16?
-11
Convert -43 (base 5) to base 14.
-19
What is -10111 (base 3) in base 4?
-1132
What is -474 (base 8) in base 14?
-188
What is -3 (base 7) in base 4?
-3
What is -7a (base 12) in base 4?
-1132
Convert -113 (base